10 = -23*g. Let w be n(g). Let h(u) = -9*u + 3. Let p be h(-3). What is the highest common divisor of p and w?
10
Let s(b) = b**2 + 2*b - 7. Let c be s(5). Let o(x) = x**2 + 8*x + 4. Let z be o(0). Calculate the greatest common divisor of c and z.
4
Let o(a) = -a**3 + a**2 - a + 1. Let z(s) = 4*s**3 - 7*s**2 + 3*s - 11. Let l(r) = 5*o(r) + z(r). Let c be l(-3). What is the highest common factor of 1 and c?
1
Suppose w = -3*f - 1, -2*f = -w - 6*f - 4. Let h be 6/w + ((-890)/(-8))/5. Let s = -17 + 40. Calculate the highest common divisor of h and s.
23
Let x be 126/12*(-60)/(-9). Calculate the highest common factor of x and 42.
14
Let q(u) = 6*u + 5. Let v be q(2). Let t = 14 + -11. Suppose 2*h + 20 = -3*n + 57, h - 20 = -t*n. What is the greatest common factor of v and h?
17
Let r be 3/4 + ((-3144)/(-32) - -14). Calculate the highest common factor of r and 2.
1
Let b be (-2)/4*(5 + -17). Suppose -g + 2*c + b = 0, 2*g - 15 = c - 0. What is the highest common factor of 1 and g?
1
Suppose -5*y - 4*o = -7*o - 573, 5*y = 2*o + 577. Let x = 5 + 8. Calculate the greatest common divisor of x and y.
13
Let v = 113 - 85. Suppose 3*g - 19 = a, g + 8 = 3*g - 3*a. What is the highest common divisor of v and g?
7
Let t(u) = u**3 + 14*u**2 + 21*u + 24. Let j be t(-12). Let y be (-25)/10*(-12)/(-15) - -42. What is the highest common factor of j and y?
20
Suppose j = 4*j - 5*l - 158, j = -2*l + 60. Calculate the highest common factor of 308 and j.
28
Let y = -12 + 6. Let p = y - -11. Let k be (p/(-2))/(12/(-192)). What is the greatest common factor of k and 5?
5
Let t be -1*((-2)/4 - (-350)/(-28)). Calculate the highest common factor of 416 and t.
13
Suppose 79 = -2*x + 159. Calculate the highest common divisor of 640 and x.
40
Suppose -f - 2*d = 40, 2*d - 30 = f - 2. Let i = f - -54. Calculate the highest common divisor of 12 and i.
4
Let x = 2 - -8. Let c(q) = q**2 - 8*q - 13. Let h be c(x). Suppose 0 = -2*v + 37 - h. What is the highest common divisor of v and 30?
15
Suppose 2*z - z - 106 = -5*i, 3*i - 4*z - 59 = 0. Let b(r) = -99*r - 9. Let j be b(-2). Calculate the greatest common divisor of i and j.
21
Suppose 0 = -2*q + 5*q - 15. Suppose -f = -q*n + 16 + 14, -5*f - 4*n = 34. Let i = -7 - f. What is the highest common factor of 15 and i?
3
Let v = -63 - -61. Let q = 0 - v. What is the highest common divisor of 10 and q?
2
Suppose -r + 5 = 0, v - 588 = -r - 90. What is the greatest common factor of v and 58?
29
Let t = 171 + -156. Let x(y) = -y**3 - 9*y**2 - 9*y + 24. Let g be x(-9). What is the greatest common divisor of t and g?
15
Let n(y) = y**3 + y. Let m be n(4). Let j(b) = b**2 + 19*b + 15. Let r be j(-23). Let i = r - 90. What is the greatest common divisor of m and i?
17
Let q(u) = 2*u - 20. Suppose -3*z + 7 = -2*z + 3*w, -5*z + 49 = w. Let r be q(z). Suppose r = -2*c - 3*c + 15. What is the highest common factor of 3 and c?
3
Suppose 47*u - 165 = 164. Suppose 5*k = -10, -4*k = 5*t + 11 - 178. What is the highest common divisor of u and t?
7
Let v(t) = t**3 + 4*t**2 + 2*t - 5. Let c = -1 + 17. Let r = c + -13. Let q be v(r). What is the highest common divisor of 8 and q?
8
Let o = -203 - -206. What is the greatest common factor of o and 96?
3
Let z = -1021 - -1444. Calculate the greatest common divisor of z and 9.
9
Suppose 5*g + 1579 = 3*l, 3*l - 4*g - 212 = 1368. Calculate the greatest common divisor of 66 and l.
66
Suppose -8*v + 13*v = -10*d + 2245, v - 2*d - 469 = 0. What is the greatest common factor of v and 102?
51
Let h = -129 - -135. Suppose 0*w - h*w = -594. Calculate the greatest common factor of 9 and w.
9
Suppose -2*a + 530 = 2*q, -5*a - 40 - 483 = -2*q. What is the greatest common factor of q and 88?
88
Let u be (0 + 4)*(-4 - -5). Suppose m - u = 3*m. Let x be 1 - (-77 - (-3 - m)). What is the highest common divisor of 11 and x?
11
Suppose 0 = v - 1. Suppose -g - 5 = -3*m - 2*g, 0 = -m + 2*g + 4. Calculate the greatest common divisor of v and m.
1
Let o be (-112)/(-18) - (-10)/(-45). Let j = 435 - 432. Calculate the greatest common factor of o and j.
3
Let j(g) = -g**2 - 6*g - 3. Let p be j(-2). Suppose -4 = -7*d + p*d. Suppose 0 = -0*v - 2*v + 20. Calculate the greatest common divisor of d and v.
2
Suppose 3*o = -5*k + 22, k = -4*o + 4*k - 19. Let c be -2 + o + 10/(-5)*-6. What is the highest common factor of c and 6?
3
Suppose 5 = 5*q + 2*h, -h - 3 = 2*q - 4. Suppose 0 = -0*i + q*i - 30. Calculate the greatest common factor of i and 30.
10
Let h = -65 - -116. Let a = -26 + h. What is the greatest common divisor of 225 and a?
25
Let d(n) = -7*n - 1. Let z be d(-1). Let m = z + -14. Let b(t) = t**2 + 3*t - 8. Let l be b(m). What is the greatest common divisor of l and 4?
4
Suppose 9 = -2*q + 3. Let u = q + 4. Let r be u/(-4) - 97/(-4). Calculate the greatest common divisor of 192 and r.
24
Suppose -57*v + 414 = -48*v. What is the greatest common divisor of 322 and v?
46
Let i be 5/(-1 + 4/3). Suppose v + 4*z + 1 = 25, -4*v = -5*z - 138. Suppose 0*w - 2*w = -4*q - v, -w + q = -13. Calculate the highest common factor of w and i.
5
Suppose 32*s + 27 = 35*s. What is the highest common divisor of s and 18?
9
Let m be (-64)/40*3/2*10. Suppose 3*l + 1104 = -4*q + l, 4*l + 838 = -3*q. Let k be m/(-40) + q/(-10). Calculate the greatest common factor of k and 7.
7
Let g(t) = 13*t**2 - 4*t + 2. Let u be g(2). Calculate the greatest common divisor of u and 1081.
23
Suppose 0 = 26*w - 21*w - 975. Let t = 317 - 186. Let f = w - t. Calculate the greatest common factor of f and 96.
32
Suppose -336 = 11*r - 1227. Calculate the greatest common factor of 54 and r.
27
Let g be (-5060)/(-207) + (-8)/18. What is the greatest common factor of g and 744?
24
Let f be (1 - (10 - 21)) + -10. What is the greatest common factor of 26 and f?
2
Let j be (-1)/((-3)/(-6))*(-294)/12. Calculate the highest common factor of 7 and j.
7
Let m(p) = p**3 + 3*p**2 + 13. Let v = 105 - 105. Let z be m(v). What is the highest common divisor of z and 65?
13
Suppose -2487 + 2383 = -13*s. Let y be 41*(3 + -1)/2. Suppose 4*f - y = 3*i + 54, -f = -5*i - 45. Calculate the greatest common factor of f and s.
4
Let p(s) be the second derivative of -s**5/10 - 5*s**4/2 + s**3/3 + 37*s**2/2 - 32*s. Let o be p(-15). What is the greatest common divisor of 98 and o?
7
Suppose 5*v = 21*c - 23*c + 349, 3*v = c + 205. Calculate the highest common divisor of v and 2001.
69
Let y(b) = -4*b - 2. Let k be (20/30)/(4/(-6)). Let f be y(k). Calculate the highest common factor of f and 2.
2
Suppose 0 = -2*y - i + 31, -4*y + i + i + 66 = 0. Suppose 2*l - 6*l = -44. Suppose 0 = -7*f + l + 17. What is the highest common factor of y and f?
4
Let f be (39/(-6))/(2/(-36)). Let d = 1 + -2. Let y be (d + 2 - 4) + 16. Calculate the highest common divisor of y and f.
13
Let a be 2/(-7) - 14/(-49). Suppose 4*d + 1 + 3 = a. Let b = 20 + d. Calculate the highest common divisor of b and 38.
19
Let g(b) = -b**3 - 49*b**2 + 3*b + 162. Let n be g(-49). What is the greatest common factor of 205 and n?
5
Suppose -21*g + 96824 = 28*g. What is the highest common factor of 104 and g?
104
Let p(a) = -a + 225. Let x be p(15). What is the highest common divisor of x and 28?
14
Suppose 10*l = 6*l + 360. Calculate the greatest common divisor of 30 and l.
30
Let a(b) = b**2 + 5*b + 10. Suppose -6*m - 49 = m. Let w be a(m). Suppose 4*o = p - 24, 2*p - 4*o = 15 + 33. Calculate the greatest common divisor of w and p.
24
Let l(m) = 40*m**2 - m + 2. Let n be l(1). Calculate the greatest common divisor of n and 451.
41
Let w = -1626 - -1642. Calculate the highest common factor of 144 and w.
16
Let t(u) = -u**3 - 2*u**2 - 12*u + 18. Let y be t(0). Suppose -13 + 1 = -2*f. Suppose f*z = 3*z + 27. What is the greatest common divisor of z and y?
9
Suppose -g + 5*m = -272, 0*g + 721 = 3*g + 4*m. What is the highest common factor of 19 and g?
19
Suppose -5*r + 11 + 4 = 0. Let y be (356/3)/(2/r). Let l = y - 112. What is the highest common divisor of l and 6?
6
Suppose 0 = -2*d + 2*x - 14, 2*d - x = -3*d - 15. Let c be (-168)/(-8)*(-2)/d. What is the greatest common divisor of 147 and c?
21
Let t = 34 - 26. Suppose 5*y = 3*p + 13, t + 2 = 4*y - 2*p. Let u be 3/((-6)/(-8)*y). Calculate the highest common factor of u and 1.
1
Let d be ((-6